{"id":48,"date":"2021-04-09T20:36:22","date_gmt":"2021-04-09T20:36:22","guid":{"rendered":"https:\/\/mayogiardelli.com.ar\/?page_id=48"},"modified":"2021-04-13T16:56:24","modified_gmt":"2021-04-13T16:56:24","slug":"miguel-c-mayo","status":"publish","type":"page","link":"https:\/\/mayogiardelli.com.ar\/index.php\/miguel-c-mayo\/","title":{"rendered":"Miguel C. Mayo"},"content":{"rendered":"\t\t<div data-elementor-type=\"wp-page\" data-elementor-id=\"48\" class=\"elementor elementor-48\" data-elementor-settings=\"[]\">\n\t\t\t\t\t\t\t<div class=\"elementor-section-wrap\">\n\t\t\t\t\t\t\t<section class=\"elementor-section elementor-top-section elementor-element elementor-element-de3a4ca elementor-section-boxed elementor-section-height-default elementor-section-height-default\" data-id=\"de3a4ca\" data-element_type=\"section\">\n\t\t\t\t\t\t<div class=\"elementor-container elementor-column-gap-default\">\n\t\t\t\t\t<div class=\"elementor-column elementor-col-100 elementor-top-column elementor-element elementor-element-1e121c4\" data-id=\"1e121c4\" data-element_type=\"column\">\n\t\t\t<div class=\"elementor-widget-wrap elementor-element-populated\">\n\t\t\t\t\t\t\t\t<div class=\"elementor-element elementor-element-b1abd5d elementor-widget elementor-widget-spacer\" data-id=\"b1abd5d\" data-element_type=\"widget\" data-widget_type=\"spacer.default\">\n\t\t\t\t<div class=\"elementor-widget-container\">\n\t\t\t\t\t<div class=\"elementor-spacer\">\n\t\t\t<div class=\"elementor-spacer-inner\"><\/div>\n\t\t<\/div>\n\t\t\t\t<\/div>\n\t\t\t\t<\/div>\n\t\t\t\t<div class=\"elementor-element elementor-element-72d2608 elementor-widget elementor-widget-heading\" data-id=\"72d2608\" data-element_type=\"widget\" data-widget_type=\"heading.default\">\n\t\t\t\t<div class=\"elementor-widget-container\">\n\t\t\t<h2 class=\"elementor-heading-title elementor-size-default\">Miguel C. Mayo<\/h2>\t\t<\/div>\n\t\t\t\t<\/div>\n\t\t\t\t<div class=\"elementor-element elementor-element-5ac0942 elementor-widget elementor-widget-spacer\" data-id=\"5ac0942\" data-element_type=\"widget\" data-widget_type=\"spacer.default\">\n\t\t\t\t<div class=\"elementor-widget-container\">\n\t\t\t\t\t<div class=\"elementor-spacer\">\n\t\t\t<div class=\"elementor-spacer-inner\"><\/div>\n\t\t<\/div>\n\t\t\t\t<\/div>\n\t\t\t\t<\/div>\n\t\t\t\t\t<\/div>\n\t\t<\/div>\n\t\t\t\t\t\t\t<\/div>\n\t\t<\/section>\n\t\t\t\t<section class=\"elementor-section elementor-top-section elementor-element elementor-element-28a4910 elementor-section-boxed elementor-section-height-default elementor-section-height-default\" data-id=\"28a4910\" data-element_type=\"section\">\n\t\t\t\t\t\t<div class=\"elementor-container elementor-column-gap-default\">\n\t\t\t\t\t<div class=\"elementor-column elementor-col-33 elementor-top-column elementor-element elementor-element-de7f766\" data-id=\"de7f766\" data-element_type=\"column\">\n\t\t\t<div class=\"elementor-widget-wrap elementor-element-populated\">\n\t\t\t\t\t\t\t\t<div class=\"elementor-element elementor-element-50763ab elementor-widget elementor-widget-image\" data-id=\"50763ab\" data-element_type=\"widget\" data-widget_type=\"image.default\">\n\t\t\t\t<div class=\"elementor-widget-container\">\n\t\t\t\t\t<div class=\"elementor-image\">\n\t\t\t\t\t\t\t\t\t\t<img loading=\"lazy\" decoding=\"async\" width=\"768\" height=\"513\" src=\"https:\/\/mayogiardelli.com.ar\/wp-content\/uploads\/2021\/04\/MICHEL-DESPACHO-2-1-768x513.jpg\" class=\"attachment-medium_large size-medium_large\" alt=\"\" srcset=\"https:\/\/mayogiardelli.com.ar\/wp-content\/uploads\/2021\/04\/MICHEL-DESPACHO-2-1-768x513.jpg 768w, https:\/\/mayogiardelli.com.ar\/wp-content\/uploads\/2021\/04\/MICHEL-DESPACHO-2-1-300x200.jpg 300w, https:\/\/mayogiardelli.com.ar\/wp-content\/uploads\/2021\/04\/MICHEL-DESPACHO-2-1.jpg 800w\" sizes=\"auto, (max-width: 768px) 100vw, 768px\" \/>\t\t\t\t\t\t\t\t\t\t\t<\/div>\n\t\t\t\t<\/div>\n\t\t\t\t<\/div>\n\t\t\t\t\t<\/div>\n\t\t<\/div>\n\t\t\t\t<div class=\"elementor-column elementor-col-66 elementor-top-column elementor-element elementor-element-1c7bcb9\" data-id=\"1c7bcb9\" data-element_type=\"column\">\n\t\t\t<div class=\"elementor-widget-wrap elementor-element-populated\">\n\t\t\t\t\t\t\t\t<div class=\"elementor-element elementor-element-1921f52 elementor-widget elementor-widget-text-editor\" data-id=\"1921f52\" data-element_type=\"widget\" data-widget_type=\"text-editor.default\">\n\t\t\t\t<div class=\"elementor-widget-container\">\n\t\t\t\t\t<div class=\"elementor-text-editor elementor-clearfix\"><p>Naci\u00f3 en Bruselas (B\u00e9lgica) en 1934. Se radic\u00f3 en Argentina en 1948. Se recibi\u00f3 de abogado en la Universidad de Buenos Aires con altas calificaciones. <\/p><p>Fund\u00f3 el Estudio en 1955. Desde entonces viene ejerciendo exclusiva e ininterrumpidamente la profesi\u00f3n de abogado consultor y litigante, altamente recomendado tanto por clientes como por otros profesionales. Se<br \/>especializa en Derecho Empresarial y Societario y en particular en fusiones y adquisiciones de empresas, si bien posee tambi\u00e9n un amplio conocimiento del Derecho Civil. <\/p><p>Habla fluidamente el idioma franc\u00e9s (idioma nativo).<\/p><\/div>\n\t\t\t\t<\/div>\n\t\t\t\t<\/div>\n\t\t\t\t\t<\/div>\n\t\t<\/div>\n\t\t\t\t\t\t\t<\/div>\n\t\t<\/section>\n\t\t\t\t<section class=\"elementor-section elementor-top-section elementor-element elementor-element-017911c elementor-section-boxed elementor-section-height-default elementor-section-height-default\" data-id=\"017911c\" data-element_type=\"section\">\n\t\t\t\t\t\t<div class=\"elementor-container elementor-column-gap-default\">\n\t\t\t\t\t<div class=\"elementor-column elementor-col-100 elementor-top-column elementor-element elementor-element-007ebc3\" data-id=\"007ebc3\" data-element_type=\"column\">\n\t\t\t<div class=\"elementor-widget-wrap elementor-element-populated\">\n\t\t\t\t\t\t\t\t<div class=\"elementor-element elementor-element-198415c elementor-widget elementor-widget-spacer\" data-id=\"198415c\" data-element_type=\"widget\" data-widget_type=\"spacer.default\">\n\t\t\t\t<div class=\"elementor-widget-container\">\n\t\t\t\t\t<div class=\"elementor-spacer\">\n\t\t\t<div class=\"elementor-spacer-inner\"><\/div>\n\t\t<\/div>\n\t\t\t\t<\/div>\n\t\t\t\t<\/div>\n\t\t\t\t<div class=\"elementor-element elementor-element-9ac1aa8 elementor-button-info elementor-widget elementor-widget-button\" data-id=\"9ac1aa8\" data-element_type=\"widget\" data-widget_type=\"button.default\">\n\t\t\t\t<div class=\"elementor-widget-container\">\n\t\t\t\t\t<div class=\"elementor-button-wrapper\">\n\t\t\t<a href=\"https:\/\/mayogiardelli.com.ar\/index.php\/profesionales\/\" class=\"elementor-button-link elementor-button elementor-size-sm\" role=\"button\">\n\t\t\t\t\t\t<span class=\"elementor-button-content-wrapper\">\n\t\t\t\t\t\t<span class=\"elementor-button-icon elementor-align-icon-left\">\n\t\t\t\t<i aria-hidden=\"true\" class=\"fas fa-angle-left\"><\/i>\t\t\t<\/span>\n\t\t\t\t\t\t<span class=\"elementor-button-text\">Volver<\/span>\n\t\t<\/span>\n\t\t\t\t\t<\/a>\n\t\t<\/div>\n\t\t\t\t<\/div>\n\t\t\t\t<\/div>\n\t\t\t\t\t<\/div>\n\t\t<\/div>\n\t\t\t\t\t\t\t<\/div>\n\t\t<\/section>\n\t\t\t\t<section class=\"elementor-section elementor-top-section elementor-element elementor-element-ee8dc86 elementor-section-boxed elementor-section-height-default elementor-section-height-default\" data-id=\"ee8dc86\" data-element_type=\"section\">\n\t\t\t\t\t\t<div class=\"elementor-container elementor-column-gap-default\">\n\t\t\t\t\t<div class=\"elementor-column elementor-col-100 elementor-top-column elementor-element elementor-element-371734a\" data-id=\"371734a\" data-element_type=\"column\">\n\t\t\t<div class=\"elementor-widget-wrap elementor-element-populated\">\n\t\t\t\t\t\t\t\t<div class=\"elementor-element elementor-element-640d383 elementor-widget elementor-widget-spacer\" data-id=\"640d383\" data-element_type=\"widget\" data-widget_type=\"spacer.default\">\n\t\t\t\t<div class=\"elementor-widget-container\">\n\t\t\t\t\t<div class=\"elementor-spacer\">\n\t\t\t<div class=\"elementor-spacer-inner\"><\/div>\n\t\t<\/div>\n\t\t\t\t<\/div>\n\t\t\t\t<\/div>\n\t\t\t\t\t<\/div>\n\t\t<\/div>\n\t\t\t\t\t\t\t<\/div>\n\t\t<\/section>\n\t\t\t\t\t\t<\/div>\n\t\t\t\t\t<\/div>\n\t\t","protected":false},"excerpt":{"rendered":"<p>Miguel C. Mayo Naci\u00f3 en Bruselas (B\u00e9lgica) en 1934. Se radic\u00f3 en Argentina en 1948. Se recibi\u00f3 de abogado en la Universidad de Buenos Aires con altas calificaciones. Fund\u00f3 el Estudio en 1955. Desde entonces viene ejerciendo exclusiva e ininterrumpidamente la profesi\u00f3n de abogado consultor y litigante, altamente recomendado tanto por clientes como por otros &hellip;<\/p>\n<p class=\"read-more\"> <a class=\"\" href=\"https:\/\/mayogiardelli.com.ar\/index.php\/miguel-c-mayo\/\"> <span class=\"screen-reader-text\">Miguel C. Mayo<\/span> Read More &raquo;<\/a><\/p>\n","protected":false},"author":1,"featured_media":0,"parent":0,"menu_order":0,"comment_status":"closed","ping_status":"closed","template":"","meta":{"footnotes":""},"class_list":["post-48","page","type-page","status-publish","hentry"],"yoast_head":"<!-- This site is optimized with the Yoast SEO plugin v16.1.1 - https:\/\/yoast.com\/wordpress\/plugins\/seo\/ -->\n<title>Miguel C. Mayo -<\/title>\n<link rel=\"canonical\" href=\"https:\/\/mayogiardelli.com.ar\/index.php\/miguel-c-mayo\/\" \/>\n<meta property=\"og:locale\" content=\"en_US\" \/>\n<meta property=\"og:type\" content=\"article\" \/>\n<meta property=\"og:title\" content=\"Miguel C. Mayo -\" \/>\n<meta property=\"og:description\" content=\"Miguel C. Mayo Naci\u00f3 en Bruselas (B\u00e9lgica) en 1934. Se radic\u00f3 en Argentina en 1948. Se recibi\u00f3 de abogado en la Universidad de Buenos Aires con altas calificaciones. Fund\u00f3 el Estudio en 1955. Desde entonces viene ejerciendo exclusiva e ininterrumpidamente la profesi\u00f3n de abogado consultor y litigante, altamente recomendado tanto por clientes como por otros &hellip; Miguel C. Mayo Read More &raquo;\" \/>\n<meta property=\"og:url\" content=\"https:\/\/mayogiardelli.com.ar\/index.php\/miguel-c-mayo\/\" \/>\n<meta property=\"article:modified_time\" content=\"2021-04-13T16:56:24+00:00\" \/>\n<meta property=\"og:image\" content=\"https:\/\/mayogiardelli.com.ar\/wp-content\/uploads\/2021\/04\/MICHEL-DESPACHO-2-1-768x513.jpg\" \/>\n<meta name=\"twitter:card\" content=\"summary_large_image\" \/>\n<meta name=\"twitter:label1\" content=\"Est. reading time\">\n\t<meta name=\"twitter:data1\" content=\"1 minute\">\n<script type=\"application\/ld+json\" class=\"yoast-schema-graph\">{\"@context\":\"https:\/\/schema.org\",\"@graph\":[{\"@type\":\"WebSite\",\"@id\":\"https:\/\/mayogiardelli.com.ar\/#website\",\"url\":\"https:\/\/mayogiardelli.com.ar\/\",\"name\":\"\",\"description\":\"\",\"potentialAction\":[{\"@type\":\"SearchAction\",\"target\":\"https:\/\/mayogiardelli.com.ar\/?s={search_term_string}\",\"query-input\":\"required name=search_term_string\"}],\"inLanguage\":\"en-US\"},{\"@type\":\"ImageObject\",\"@id\":\"https:\/\/mayogiardelli.com.ar\/index.php\/miguel-c-mayo\/#primaryimage\",\"inLanguage\":\"en-US\",\"url\":\"https:\/\/mayogiardelli.com.ar\/wp-content\/uploads\/2021\/04\/MICHEL-DESPACHO-2-1.jpg\",\"contentUrl\":\"https:\/\/mayogiardelli.com.ar\/wp-content\/uploads\/2021\/04\/MICHEL-DESPACHO-2-1.jpg\",\"width\":800,\"height\":534},{\"@type\":\"WebPage\",\"@id\":\"https:\/\/mayogiardelli.com.ar\/index.php\/miguel-c-mayo\/#webpage\",\"url\":\"https:\/\/mayogiardelli.com.ar\/index.php\/miguel-c-mayo\/\",\"name\":\"Miguel C. Mayo -\",\"isPartOf\":{\"@id\":\"https:\/\/mayogiardelli.com.ar\/#website\"},\"primaryImageOfPage\":{\"@id\":\"https:\/\/mayogiardelli.com.ar\/index.php\/miguel-c-mayo\/#primaryimage\"},\"datePublished\":\"2021-04-09T20:36:22+00:00\",\"dateModified\":\"2021-04-13T16:56:24+00:00\",\"breadcrumb\":{\"@id\":\"https:\/\/mayogiardelli.com.ar\/index.php\/miguel-c-mayo\/#breadcrumb\"},\"inLanguage\":\"en-US\",\"potentialAction\":[{\"@type\":\"ReadAction\",\"target\":[\"https:\/\/mayogiardelli.com.ar\/index.php\/miguel-c-mayo\/\"]}]},{\"@type\":\"BreadcrumbList\",\"@id\":\"https:\/\/mayogiardelli.com.ar\/index.php\/miguel-c-mayo\/#breadcrumb\",\"itemListElement\":[{\"@type\":\"ListItem\",\"position\":1,\"item\":{\"@type\":\"WebPage\",\"@id\":\"https:\/\/mayogiardelli.com.ar\/\",\"url\":\"https:\/\/mayogiardelli.com.ar\/\",\"name\":\"Home\"}},{\"@type\":\"ListItem\",\"position\":2,\"item\":{\"@type\":\"WebPage\",\"@id\":\"https:\/\/mayogiardelli.com.ar\/index.php\/miguel-c-mayo\/\",\"url\":\"https:\/\/mayogiardelli.com.ar\/index.php\/miguel-c-mayo\/\",\"name\":\"Miguel C. Mayo\"}}]}]}<\/script>\n<!-- \/ Yoast SEO plugin. -->","_links":{"self":[{"href":"https:\/\/mayogiardelli.com.ar\/index.php\/wp-json\/wp\/v2\/pages\/48","targetHints":{"allow":["GET"]}}],"collection":[{"href":"https:\/\/mayogiardelli.com.ar\/index.php\/wp-json\/wp\/v2\/pages"}],"about":[{"href":"https:\/\/mayogiardelli.com.ar\/index.php\/wp-json\/wp\/v2\/types\/page"}],"author":[{"embeddable":true,"href":"https:\/\/mayogiardelli.com.ar\/index.php\/wp-json\/wp\/v2\/users\/1"}],"replies":[{"embeddable":true,"href":"https:\/\/mayogiardelli.com.ar\/index.php\/wp-json\/wp\/v2\/comments?post=48"}],"version-history":[{"count":0,"href":"https:\/\/mayogiardelli.com.ar\/index.php\/wp-json\/wp\/v2\/pages\/48\/revisions"}],"wp:attachment":[{"href":"https:\/\/mayogiardelli.com.ar\/index.php\/wp-json\/wp\/v2\/media?parent=48"}],"curies":[{"name":"wp","href":"https:\/\/api.w.org\/{rel}","templated":true}]}}